, 82723
What are the prime factors of 7929486?
2, 3, 440527
What are the prime factors of 1563006?
2, 3, 337, 773
List the prime factors of 445655.
5, 7, 17, 107
List the prime factors of 609894.
2, 3, 31, 1093
List the prime factors of 12355.
5, 7, 353
What are the prime factors of 372362?
2, 19, 41, 239
List the prime factors of 15147.
3, 11, 17
List the prime factors of 6340491.
3, 234833
What are the prime factors of 26642978?
2, 17, 19, 41243
What are the prime factors of 3463186?
2, 1731593
What are the prime factors of 2436654?
2, 3, 11, 36919
List the prime factors of 14505463.
7, 2072209
What are the prime factors of 14779938?
2, 3, 23, 107101
List the prime factors of 15218780.
2, 5, 760939
List the prime factors of 376005.
3, 5, 7, 3581
What are the prime factors of 2759460?
2, 3, 5, 11, 37, 113
What are the prime factors of 877542?
2, 3, 23, 6359
List the prime factors of 2012418.
2, 3, 83, 449
List the prime factors of 7304702.
2, 19, 192229
What are the prime factors of 462816?
2, 3, 1607
List the prime factors of 329856.
2, 3, 859
List the prime factors of 11939231.
23, 519097
List the prime factors of 124232.
2, 53, 293
List the prime factors of 243995.
5, 48799
What are the prime factors of 413025?
3, 5, 5507
List the prime factors of 4486639.
4486639
What are the prime factors of 2392487?
31, 71, 1087
List the prime factors of 461136.
2, 3, 13, 739
List the prime factors of 183136.
2, 59, 97
What are the prime factors of 1623511?
107, 15173
What are the prime factors of 11781535?
5, 2356307
What are the prime factors of 5698797?
3, 13, 47, 3109
List the prime factors of 607300.
2, 5, 6073
What are the prime factors of 308680?
2, 5, 7717
List the prime factors of 1072212.
2, 3, 199, 449
What are the prime factors of 365621?
131, 2791
What are the prime factors of 8232500?
2, 5, 37, 89
List the prime factors of 34819.
34819
What are the prime factors of 1068008?
2, 17, 7853
What are the prime factors of 23412883?
13, 19, 94789
List the prime factors of 966299.
23, 42013
List the prime factors of 823109.
7, 59, 1993
List the prime factors of 242284.
2, 7, 17, 509
What are the prime factors of 3922680?
2, 3, 5, 97, 337
List the prime factors of 2340117.
3, 13, 59, 113
What are the prime factors of 430097?
47, 9151
List the prime factors of 18458257.
53, 348269
List the prime factors of 133026.
2, 3, 22171
What are the prime factors of 39881?
19, 2099
What are the prime factors of 435793?
103, 4231
List the prime factors of 171037.
17, 10061
List the prime factors of 1033325.
5, 41333
List the prime factors of 187713.
3, 20857
What are the prime factors of 34873977?
3, 31, 374989
List the prime factors of 26921866.
2, 37, 363809
What are the prime factors of 62723?
62723
List the prime factors of 256694.
2, 128347
List the prime factors of 4893169.
4893169
What are the prime factors of 232627?
353, 659
List the prime factors of 122514.
2, 3, 7, 2917
List the prime factors of 1039371.
3, 67, 5171
List the prime factors of 25441.
13, 19, 103
List the prime factors of 397323.
3, 131, 337
List the prime factors of 1048232.
2, 283, 463
List the prime factors of 733168.
2, 45823
What are the prime factors of 21474877?
29, 740513
List the prime factors of 9941176.
2, 7, 167, 1063
List the prime factors of 2243515.
5, 448703
What are the prime factors of 22532674?
2, 83, 149, 911
List the prime factors of 691310.
2, 5, 73, 947
List the prime factors of 822920.
2, 5, 7, 2939
What are the prime factors of 55007?
67, 821
What are the prime factors of 287267?
103, 2789
List the prime factors of 190456.
2, 7, 19, 179
What are the prime factors of 98588?
2, 7, 503
What are the prime factors of 218023?
13, 31, 541
List the prime factors of 9524953.
401, 23753
What are the prime factors of 4659511?
4659511
What are the prime factors of 2034359?
2034359
What are the prime factors of 1541964?
2, 3, 19, 6763
What are the prime factors of 2628788?
2, 657197
What are the prime factors of 62160?
2, 3, 5, 7, 37
List the prime factors of 587770.
2, 5, 53, 1109
List the prime factors of 322521.
3, 107507
List the prime factors of 9581893.
9581893
What are the prime factors of 31520385?
3, 5, 13, 53881
What are the prime factors of 3963642?
2, 3, 660607
What are the prime factors of 149143?
149143
What are the prime factors of 384723?
3, 14249
What are the prime factors of 31908199?
23, 1387313
What are the prime factors of 13937?
7, 11, 181
What are the prime factors of 1020464?
2, 23, 47, 59
List the prime factors of 264992.
2, 7, 13
What are the prime factors of 8063971?
8063971
List the prime factors of 5101625.
5, 40813
What are the prime factors of 18589040?
2, 5, 232363
What are the prime factors of 3232834?
2, 11, 23, 6389
List the prime factors of 18484.
2, 4621
List the prime factors of 8021117.
13, 41, 101, 149
List the prime factors of 210284.
2, 52571
List the prime factors of 242718.
2, 3, 7, 5779
List the prime factors of 3263962.
2, 13, 47, 2671
List the prime factors of 1092232.
2, 311, 439
List the prime factors of 14719968.
2, 3, 631
List the prime factors of 776149.
11, 37, 1907
What are the prime factors of 5950016?
2, 31, 2999
List the prime factors of 1084555.
5, 216911
What are the prime factors of 313447?
307, 1021
What are the prime factors of 103085?
5, 53, 389
What are the prime factors of 1000506?
2, 3, 13, 101, 127
What are the prime factors of 11437105?
5, 2287421
List the prime factors of 7102300.
2, 5, 71023
What are the prime factors of 146520?
2, 3, 5, 11, 37
List the prime factors of 722019.
3, 19, 53, 239
What are the prime factors of 344258?
2, 43, 4003
What are the prime factors of 421485?
3, 5, 28099
What are the prime factors of 266040?
2, 3, 5, 739
What are the prime factors of 231589?
231589
What are the prime factors of 68479?
31, 47
List the prime factors of 27352953.
3, 37, 82141
List the prime factors of 11104204.
2, 2776051
What are the prime factors of 1455870?
2, 3, 5, 13, 3733
What are the prime factors of 15384712?
2, 7, 43, 6389
What are the prime factors of 29118?
2, 3, 23, 211
What are the prime factors of 1086761?
13, 83597
List the prime factors of 552686.
2, 276343
What are the prime factors of 137018?
2, 7, 9787
What are the prime factors of 3997414?
2, 17, 117571
What are the prime factors of 20435128?
2, 7, 101, 3613
What are the prime factors of 1463426?
2, 731713
List the prime factors of 2899394.
2, 37, 39181
List the prime factors of 165242.
2, 7, 11, 29, 37
What are the prime factors of 99844?
2, 109, 229
List the prime factors of 2051027.
11, 137, 1361
What are the prime factors of 3449681?
383, 9007
List the prime factors of 5417779.
821, 6599
What are the prime factors of 5619931?
47, 109, 1097
List the prime factors of 983003.
7, 19, 389
List the prime factors of 1581808.
2, 109, 907
List the prime factors of 147259.
7, 109, 193
List the prime factors of 1297012.
2, 47, 6899
What are the prime factors of 176050?
2, 5, 7, 503
What are the prime factors of 747484?
2, 186871
List the prime factors of 2263258.
2, 1131629
What are the prime factors of 4836438?
2, 3, 89, 3019
List the prime factors of 5060998.
2, 31, 81629
What are the prime factors of 17882411?
349, 51239
List the prime factors of 228637.
228637
What are the prime factors of 81425?
5, 3257
List the prime factors of 148940.
2, 5, 11, 677
List the prime factors of 14786355.
3, 5, 23, 42859
What are the prime factors of 119405?
5, 11, 13, 167
List the prime factors of 188169.
3, 62723
What are the prime factors of 354444?
2, 3, 29537
List the prime factors of 3265414.
2, 59, 27673
List the prime factors of 5207387.
19, 61, 4493
List the prime factors of 298482.
2, 3, 49747
What are the prime factors of 143962?
2, 7, 13, 113
List the prime factors of 3399829.
73, 46573
List the prime factors of 5251137.
3, 1750379
List the prime factors of 3061863.
3, 7, 53, 131
What are the prime factors of 5244201?
3, 582689
What are the prime factors of 109070?
2, 5, 13, 839
List the prime factors of 125930.
2, 5, 7, 257
List the prime factors of 28915.
5, 5783
List the prime factors of 296598.
2, 3, 49433
List the prime factors of 918167.
107, 8581
List the prime factors of 43203.
3, 14401
List the prime factors of 210761.
210761
What ar